13, 43, 167
What are the prime factors of 295348?
2, 47, 1571
List the prime factors of 567103.
17, 33359
List the prime factors of 101124.
2, 3, 53
List the prime factors of 3386238.
2, 3, 564373
What are the prime factors of 16406662?
2, 8203331
List the prime factors of 9923717.
2557, 3881
List the prime factors of 908334.
2, 3, 7, 89
List the prime factors of 435700.
2, 5, 4357
List the prime factors of 9975602.
2, 7, 13, 59, 929
What are the prime factors of 2389198?
2, 7, 47, 3631
List the prime factors of 3087589.
23, 134243
What are the prime factors of 549676?
2, 131, 1049
What are the prime factors of 8647913?
8647913
What are the prime factors of 1344657?
3, 439, 1021
What are the prime factors of 2055648?
2, 3, 7, 19, 23
List the prime factors of 485512.
2, 60689
What are the prime factors of 2103727?
107, 19661
What are the prime factors of 419367?
3, 13, 10753
What are the prime factors of 18605261?
18605261
List the prime factors of 712418.
2, 7, 151, 337
What are the prime factors of 6693875?
5, 53551
List the prime factors of 29690787.
3, 7, 19, 74413
What are the prime factors of 2527361?
19, 7001
List the prime factors of 78465.
3, 5, 5231
List the prime factors of 15709423.
37, 67, 6337
What are the prime factors of 1927111?
1927111
List the prime factors of 8325353.
67, 137, 907
What are the prime factors of 3400391?
17, 200023
List the prime factors of 1076865.
3, 5, 17, 41, 103
What are the prime factors of 2889038?
2, 29, 49811
What are the prime factors of 20997987?
3, 661, 10589
What are the prime factors of 186669?
3, 7, 2963
What are the prime factors of 2831751?
3, 13, 24203
List the prime factors of 141572.
2, 35393
What are the prime factors of 8031568?
2, 223, 2251
List the prime factors of 905383.
127, 7129
What are the prime factors of 1541222?
2, 770611
List the prime factors of 1890655.
5, 13, 17, 29, 59
What are the prime factors of 4372828?
2, 607, 1801
List the prime factors of 1273131.
3, 61, 773
What are the prime factors of 1553599?
727, 2137
List the prime factors of 190181.
190181
What are the prime factors of 3253126?
2, 577, 2819
List the prime factors of 364883.
364883
What are the prime factors of 355212?
2, 3, 11, 13, 23
List the prime factors of 447821.
11, 3701
What are the prime factors of 506100?
2, 3, 5, 7, 241
List the prime factors of 379670.
2, 5, 37967
What are the prime factors of 16997077?
19, 173, 5171
List the prime factors of 5888346.
2, 3, 981391
List the prime factors of 305724.
2, 3, 73, 349
List the prime factors of 4380870.
2, 3, 5, 13, 47, 239
List the prime factors of 16948786.
2, 211, 40163
List the prime factors of 239235.
3, 5, 41, 389
What are the prime factors of 336184?
2, 42023
List the prime factors of 4810153.
4810153
What are the prime factors of 5926340?
2, 5, 7, 42331
List the prime factors of 308615.
5, 61723
List the prime factors of 3882262.
2, 23, 37, 2281
What are the prime factors of 286469?
286469
What are the prime factors of 3501160?
2, 5, 13, 6733
What are the prime factors of 427632?
2, 3, 59, 151
What are the prime factors of 1413576?
2, 3, 29, 677
What are the prime factors of 516098?
2, 11, 23459
List the prime factors of 2963054.
2, 1481527
What are the prime factors of 24302608?
2, 11, 12553
List the prime factors of 4832439.
3, 1610813
List the prime factors of 365299.
11, 3019
List the prime factors of 9261342.
2, 3, 514519
List the prime factors of 9124.
2, 2281
What are the prime factors of 6154358?
2, 7, 37, 109
List the prime factors of 1042412.
2, 7, 59, 631
List the prime factors of 179803.
13, 13831
What are the prime factors of 103717?
17, 6101
List the prime factors of 190918.
2, 7, 13, 1049
What are the prime factors of 54280?
2, 5, 23, 59
What are the prime factors of 35731?
35731
List the prime factors of 5631001.
73, 77137
List the prime factors of 1031927.
13, 79379
What are the prime factors of 353518?
2, 11, 16069
What are the prime factors of 951754?
2, 475877
List the prime factors of 176248.
2, 22031
List the prime factors of 32843968.
2, 193, 2659
What are the prime factors of 8365434?
2, 3, 7, 11, 19, 953
List the prime factors of 16407215.
5, 11, 31, 9623
What are the prime factors of 7039190?
2, 5, 17, 47, 881
List the prime factors of 39248444.
2, 17, 163, 3541
What are the prime factors of 409956?
2, 3, 127, 269
What are the prime factors of 462484?
2, 11, 23, 457
What are the prime factors of 388306?
2, 31, 6263
List the prime factors of 4350231.
3, 89, 5431
What are the prime factors of 5494118?
2, 7, 392437
What are the prime factors of 221137?
7, 4513
List the prime factors of 202530.
2, 3, 5, 43, 157
What are the prime factors of 1807948?
2, 451987
List the prime factors of 68592.
2, 3, 1429
What are the prime factors of 1088077?
113, 9629
List the prime factors of 694973.
61, 11393
List the prime factors of 12179221.
12179221
What are the prime factors of 15862516?
2, 3965629
List the prime factors of 550099.
11, 43, 1163
List the prime factors of 1092988.
2, 13, 21019
What are the prime factors of 71575?
5, 7, 409
List the prime factors of 1041026.
2, 7, 23, 53, 61
What are the prime factors of 208491?
3, 69497
List the prime factors of 4140215.
5, 828043
What are the prime factors of 1586061?
3, 61, 107
What are the prime factors of 2095384?
2, 37, 7079
List the prime factors of 338006.
2, 169003
What are the prime factors of 276546?
2, 3, 46091
List the prime factors of 7932860.
2, 5, 13, 2347
List the prime factors of 1818670.
2, 5, 7, 25981
List the prime factors of 10619413.
7, 1517059
List the prime factors of 203886.
2, 3, 47, 241
What are the prime factors of 1640195?
5, 113, 2903
List the prime factors of 1107003.
3, 37, 9973
List the prime factors of 11933887.
7, 1704841
What are the prime factors of 3367452?
2, 3, 11, 97, 263
List the prime factors of 2980792.
2, 409, 911
List the prime factors of 153183.
3, 51061
What are the prime factors of 9262167?
3, 73, 42293
What are the prime factors of 1647530?
2, 5, 67, 2459
List the prime factors of 616222.
2, 61, 5051
What are the prime factors of 989552?
2, 23, 2689
List the prime factors of 124210.
2, 5, 12421
What are the prime factors of 2456165?
5, 61, 8053
List the prime factors of 473204.
2, 281, 421
What are the prime factors of 60831?
3, 751
What are the prime factors of 1180861?
11, 107351
What are the prime factors of 217927?
383, 569
List the prime factors of 3913957.
1879, 2083
List the prime factors of 215081.
37, 5813
What are the prime factors of 247560?
2, 3, 5, 2063
What are the prime factors of 760216?
2, 95027
List the prime factors of 972666.
2, 3, 54037
List the prime factors of 5295342.
2, 3, 13, 29, 2341
List the prime factors of 12902271.
3, 563, 7639
List the prime factors of 442800.
2, 3, 5, 41
What are the prime factors of 144182?
2, 72091
What are the prime factors of 19152714?
2, 3, 7, 593, 769
What are the prime factors of 732449?
732449
List the prime factors of 5291516.
2, 1087, 1217
List the prime factors of 158156.
2, 19, 2081
What are the prime factors of 567039?
3, 11, 17183
What are the prime factors of 1283062?
2, 11, 58321
What are the prime factors of 4096122?
2, 3, 37, 18451
What are the prime factors of 118153?
7, 16879
List the prime factors of 5633314.
2, 2816657
List the prime factors of 2045178.
2, 3, 113621
List the prime factors of 1091474.
2, 19, 28723
List the prime factors of 3120995.
5, 624199
What are the prime factors of 266364?
2, 3, 7, 151
List the prime factors of 534557.
29, 18433
List the prime factors of 686519.
686519
List the prime factors of 1409459.
1409459
List the prime factors of 7442871.
3, 617, 4021
List the prime factors of 470760.
2, 3, 5, 3923
What are the prime factors of 8773585?
5, 191, 9187
What are the prime factors of 1898119?
19, 99901
List the prime factors of 1233635.
5, 13, 18979
List the prime factors of 1848799.
53, 34883
List the prime factors of 3605480.
2, 5, 23, 3919
List the prime factors of 1271450.
2, 5, 59, 431
List the prime factors of 256314.
2, 3, 42719
What are the prime factors of 502420?
2, 5, 25121
What are the prime factors of 227838?
2, 3, 13, 23, 127
List the prime factors of 239380.
2, 5, 11969
What are the prime factors of 18612443?
37, 503039
What a